[INFO] cloning repository https://github.com/justinlazarus/uno
[INFO] running `Command { std: "git" "-c" "credential.helper=" "-c" "credential.helper=/workspace/cargo-home/bin/git-credential-null" "clone" "--bare" "https://github.com/justinlazarus/uno" "/workspace/cache/git-repos/https%3A%2F%2Fgithub.com%2Fjustinlazarus%2Funo", kill_on_drop: false }`
[INFO] [stderr] Cloning into bare repository '/workspace/cache/git-repos/https%3A%2F%2Fgithub.com%2Fjustinlazarus%2Funo'...
[INFO] running `Command { std: "git" "rev-parse" "HEAD", kill_on_drop: false }`
[INFO] [stdout] 88e5450b26d38915b640583cfadc289d730fe939
[INFO] checking justinlazarus/uno against master#af3c6e733a40e671550e0f0f5aeecaa13772ba56 for pr-74989
[INFO] running `Command { std: "git" "clone" "/workspace/cache/git-repos/https%3A%2F%2Fgithub.com%2Fjustinlazarus%2Funo" "/workspace/builds/worker-2/source", kill_on_drop: false }`
[INFO] [stderr] Cloning into '/workspace/builds/worker-2/source'...
[INFO] [stderr] done.
[INFO] validating manifest of git repo https://github.com/justinlazarus/uno on toolchain af3c6e733a40e671550e0f0f5aeecaa13772ba56
[INFO] running `Command { std: "/workspace/cargo-home/bin/cargo" "+af3c6e733a40e671550e0f0f5aeecaa13772ba56" "read-manifest" "--manifest-path" "Cargo.toml", kill_on_drop: false }`
[INFO] started tweaking git repo https://github.com/justinlazarus/uno
[INFO] finished tweaking git repo https://github.com/justinlazarus/uno
[INFO] tweaked toml for git repo https://github.com/justinlazarus/uno written to /workspace/builds/worker-2/source/Cargo.toml
[INFO] crate git repo https://github.com/justinlazarus/uno already has a lockfile, it will not be regenerated
[INFO] running `Command { std: "/workspace/cargo-home/bin/cargo" "+af3c6e733a40e671550e0f0f5aeecaa13772ba56" "fetch" "--locked" "--manifest-path" "Cargo.toml", kill_on_drop: false }`
[INFO] running `Command { std: "docker" "create" "-v" "/var/lib/crater-agent-workspace/builds/worker-2/target:/opt/rustwide/target:rw,Z" "-v" "/var/lib/crater-agent-workspace/builds/worker-2/source:/opt/rustwide/workdir:ro,Z" "-v" "/var/lib/crater-agent-workspace/cargo-home:/opt/rustwide/cargo-home:ro,Z" "-v" "/var/lib/crater-agent-workspace/rustup-home:/opt/rustwide/rustup-home:ro,Z" "-e" "SOURCE_DIR=/opt/rustwide/workdir" "-e" "CARGO_TARGET_DIR=/opt/rustwide/target" "-e" "CARGO_HOME=/opt/rustwide/cargo-home" "-e" "RUSTUP_HOME=/opt/rustwide/rustup-home" "-w" "/opt/rustwide/workdir" "-m" "1610612736" "--user" "0:0" "--network" "none" "rustops/crates-build-env@sha256:d92eaeed33fa75130ca1ee6c8a01d1ffb62bac859dfdfb3450e3e5d1c0146529" "/opt/rustwide/cargo-home/bin/cargo" "+af3c6e733a40e671550e0f0f5aeecaa13772ba56" "metadata" "--no-deps" "--format-version=1", kill_on_drop: false }`
[INFO] [stdout] 2d00cd1b7a5fb7877a8ab9a449105b8e699dfeeaf646a68240c3045280a8c60e
[INFO] [stderr] WARNING: Your kernel does not support swap limit capabilities or the cgroup is not mounted. Memory limited without swap.
[INFO] running `Command { std: "docker" "start" "-a" "2d00cd1b7a5fb7877a8ab9a449105b8e699dfeeaf646a68240c3045280a8c60e", kill_on_drop: false }`
[INFO] running `Command { std: "docker" "inspect" "2d00cd1b7a5fb7877a8ab9a449105b8e699dfeeaf646a68240c3045280a8c60e", kill_on_drop: false }`
[INFO] running `Command { std: "docker" "rm" "-f" "2d00cd1b7a5fb7877a8ab9a449105b8e699dfeeaf646a68240c3045280a8c60e", kill_on_drop: false }`
[INFO] [stdout] 2d00cd1b7a5fb7877a8ab9a449105b8e699dfeeaf646a68240c3045280a8c60e
[INFO] running `Command { std: "docker" "create" "-v" "/var/lib/crater-agent-workspace/builds/worker-2/target:/opt/rustwide/target:rw,Z" "-v" "/var/lib/crater-agent-workspace/builds/worker-2/source:/opt/rustwide/workdir:ro,Z" "-v" "/var/lib/crater-agent-workspace/cargo-home:/opt/rustwide/cargo-home:ro,Z" "-v" "/var/lib/crater-agent-workspace/rustup-home:/opt/rustwide/rustup-home:ro,Z" "-e" "SOURCE_DIR=/opt/rustwide/workdir" "-e" "CARGO_TARGET_DIR=/opt/rustwide/target" "-e" "CARGO_INCREMENTAL=0" "-e" "RUST_BACKTRACE=full" "-e" "RUSTFLAGS=--cap-lints=forbid" "-e" "CARGO_HOME=/opt/rustwide/cargo-home" "-e" "RUSTUP_HOME=/opt/rustwide/rustup-home" "-w" "/opt/rustwide/workdir" "-m" "1610612736" "--user" "0:0" "--network" "none" "rustops/crates-build-env@sha256:d92eaeed33fa75130ca1ee6c8a01d1ffb62bac859dfdfb3450e3e5d1c0146529" "/opt/rustwide/cargo-home/bin/cargo" "+af3c6e733a40e671550e0f0f5aeecaa13772ba56" "check" "--frozen" "--all" "--all-targets" "--message-format=json", kill_on_drop: false }`
[INFO] [stdout] 059352d3940d634b8896a0a0dc4ab94e26f092c57e25fbf8168cd672e423d613
[INFO] [stderr] WARNING: Your kernel does not support swap limit capabilities or the cgroup is not mounted. Memory limited without swap.
[INFO] running `Command { std: "docker" "start" "-a" "059352d3940d634b8896a0a0dc4ab94e26f092c57e25fbf8168cd672e423d613", kill_on_drop: false }`
[INFO] [stderr]     Checking uno v0.1.0 (/opt/rustwide/workdir)
[INFO] [stdout] error: expected one of `!`, `(`, `+`, `,`, `::`, `<`, or `>`, found `}`
[INFO] [stdout]   --> src/lib.rs:45:1
[INFO] [stdout]    |
[INFO] [stdout] 43 |     let deck: Vec<u
[INFO] [stdout]    |         -----      - expected one of 7 possible tokens
[INFO] [stdout]    |         |   |
[INFO] [stdout]    |         |   help: use `=` if you meant to assign
[INFO] [stdout]    |         while parsing the type for `deck`
[INFO] [stdout] 44 | 
[INFO] [stdout] 45 | }
[INFO] [stdout]    | ^ unexpected token
[INFO] [stdout] 
[INFO] [stdout] 
[INFO] [stdout] error: expected `;`, found `}`
[INFO] [stdout]   --> src/lib.rs:43:20
[INFO] [stdout]    |
[INFO] [stdout] 43 |     let deck: Vec<u
[INFO] [stdout]    |                    ^ help: add `;` here
[INFO] [stdout] 44 | 
[INFO] [stdout] 45 | }
[INFO] [stdout]    | - unexpected token
[INFO] [stdout] 
[INFO] [stdout] 
[INFO] [stdout] error: expected one of `!`, `(`, `+`, `,`, `::`, `<`, or `>`, found `}`
[INFO] [stdout]   --> src/lib.rs:45:1
[INFO] [stdout]    |
[INFO] [stdout] 43 |     let deck: Vec<u
[INFO] [stdout]    |         -----      - expected one of 7 possible tokens
[INFO] [stdout]    |         |   |
[INFO] [stdout]    |         |   help: use `=` if you meant to assign
[INFO] [stdout]    |         while parsing the type for `deck`
[INFO] [stdout] 44 | 
[INFO] [stdout] 45 | }
[INFO] [stdout]    | ^ unexpected token
[INFO] [stdout] 
[INFO] [stdout] 
[INFO] [stdout] error: expected `;`, found `}`
[INFO] [stdout]   --> src/lib.rs:43:20
[INFO] [stdout]    |
[INFO] [stdout] 43 |     let deck: Vec<u
[INFO] [stdout]    |                    ^ help: add `;` here
[INFO] [stdout] 44 | 
[INFO] [stdout] 45 | }
[INFO] [stdout]    | - unexpected token
[INFO] [stdout] 
[INFO] [stdout] 
[INFO] [stdout] error[E0423]: expected value, found struct `Vec`
[INFO] [stdout]    --> src/lib.rs:43:15
[INFO] [stdout]     |
[INFO] [stdout] 43  |       let deck: Vec<u
[INFO] [stdout]     |                 ^^^ help: use struct literal syntax instead: `Vec { buf: val, len: val }`
[INFO] [stdout] 
[INFO] [stdout] 
[INFO] [stdout] error[E0425]: cannot find value `u` in this scope
[INFO] [stdout]   --> src/lib.rs:43:19
[INFO] [stdout]    |
[INFO] [stdout] 43 |     let deck: Vec<u
[INFO] [stdout]    |                   ^ not found in this scope
[INFO] [stdout] 
[INFO] [stdout] 
[INFO] [stdout] warning: variant `red` should have an upper camel case name
[INFO] [stdout]   --> src/lib.rs:20:5
[INFO] [stdout]    |
[INFO] [stdout] 20 |     red,
[INFO] [stdout]    |     ^^^ help: convert the identifier to upper camel case: `Red`
[INFO] [stdout]    |
[INFO] [stdout]    = note: `#[warn(non_camel_case_types)]` on by default
[INFO] [stdout] 
[INFO] [stdout] 
[INFO] [stdout] warning: variant `yellow` should have an upper camel case name
[INFO] [stdout]   --> src/lib.rs:21:5
[INFO] [stdout]    |
[INFO] [stdout] 21 |     yellow,
[INFO] [stdout]    |     ^^^^^^ help: convert the identifier to upper camel case (notice the capitalization): `Yellow`
[INFO] [stdout] 
[INFO] [stdout] 
[INFO] [stdout] warning: variant `green` should have an upper camel case name
[INFO] [stdout]   --> src/lib.rs:22:5
[INFO] [stdout]    |
[INFO] [stdout] 22 |     green,
[INFO] [stdout]    |     ^^^^^ help: convert the identifier to upper camel case: `Green`
[INFO] [stdout] 
[INFO] [stdout] 
[INFO] [stdout] warning: variant `blue` should have an upper camel case name
[INFO] [stdout]   --> src/lib.rs:23:5
[INFO] [stdout]    |
[INFO] [stdout] 23 |     blue,
[INFO] [stdout]    |     ^^^^ help: convert the identifier to upper camel case: `Blue`
[INFO] [stdout] 
[INFO] [stdout] 
[INFO] [stdout] warning: variant `skip` should have an upper camel case name
[INFO] [stdout]   --> src/lib.rs:27:5
[INFO] [stdout]    |
[INFO] [stdout] 27 |     skip,
[INFO] [stdout]    |     ^^^^ help: convert the identifier to upper camel case (notice the capitalization): `Skip`
[INFO] [stdout] 
[INFO] [stdout] 
[INFO] [stdout] warning: variant `draw_two` should have an upper camel case name
[INFO] [stdout]   --> src/lib.rs:28:5
[INFO] [stdout]    |
[INFO] [stdout] 28 |     draw_two,
[INFO] [stdout]    |     ^^^^^^^^ help: convert the identifier to upper camel case: `DrawTwo`
[INFO] [stdout] 
[INFO] [stdout] 
[INFO] [stdout] warning: variant `reverse` should have an upper camel case name
[INFO] [stdout]   --> src/lib.rs:29:5
[INFO] [stdout]    |
[INFO] [stdout] 29 |     reverse
[INFO] [stdout]    |     ^^^^^^^ help: convert the identifier to upper camel case: `Reverse`
[INFO] [stdout] 
[INFO] [stdout] 
[INFO] [stdout] error[E0423]: expected value, found struct `Vec`
[INFO] [stdout]    --> src/lib.rs:43:15
[INFO] [stdout]     |
[INFO] [stdout] 43  |       let deck: Vec<u
[INFO] [stdout]     |                 ^^^ help: use struct literal syntax instead: `Vec { buf: val, len: val }`
[INFO] [stdout] 
[INFO] [stdout] 
[INFO] [stdout] error[E0425]: cannot find value `u` in this scope
[INFO] [stdout]   --> src/lib.rs:43:19
[INFO] [stdout]    |
[INFO] [stdout] 43 |     let deck: Vec<u
[INFO] [stdout]    |                   ^ not found in this scope
[INFO] [stdout] 
[INFO] [stdout] 
[INFO] [stdout] warning: variant `red` should have an upper camel case name
[INFO] [stdout]   --> src/lib.rs:20:5
[INFO] [stdout]    |
[INFO] [stdout] 20 |     red,
[INFO] [stdout]    |     ^^^ help: convert the identifier to upper camel case: `Red`
[INFO] [stdout]    |
[INFO] [stdout]    = note: `#[warn(non_camel_case_types)]` on by default
[INFO] [stdout] 
[INFO] [stdout] 
[INFO] [stdout] error: aborting due to 4 previous errors; 7 warnings emitted
[INFO] [stdout] 
[INFO] [stdout] 
[INFO] [stdout] Some errors have detailed explanations: E0423, E0425.
[INFO] [stdout] 
[INFO] [stdout] For more information about an error, try `rustc --explain E0423`.
[INFO] [stdout] 
[INFO] [stdout] warning: variant `yellow` should have an upper camel case name
[INFO] [stdout]   --> src/lib.rs:21:5
[INFO] [stdout]    |
[INFO] [stdout] 21 |     yellow,
[INFO] [stdout]    |     ^^^^^^ help: convert the identifier to upper camel case (notice the capitalization): `Yellow`
[INFO] [stdout] 
[INFO] [stdout] 
[INFO] [stdout] warning: variant `green` should have an upper camel case name
[INFO] [stdout]   --> src/lib.rs:22:5
[INFO] [stdout]    |
[INFO] [stdout] 22 |     green,
[INFO] [stdout]    |     ^^^^^ help: convert the identifier to upper camel case: `Green`
[INFO] [stdout] 
[INFO] [stdout] 
[INFO] [stdout] warning: variant `blue` should have an upper camel case name
[INFO] [stdout]   --> src/lib.rs:23:5
[INFO] [stdout]    |
[INFO] [stdout] 23 |     blue,
[INFO] [stdout]    |     ^^^^ help: convert the identifier to upper camel case: `Blue`
[INFO] [stdout] 
[INFO] [stdout] 
[INFO] [stdout] warning: variant `skip` should have an upper camel case name
[INFO] [stdout]   --> src/lib.rs:27:5
[INFO] [stdout]    |
[INFO] [stdout] 27 |     skip,
[INFO] [stdout]    |     ^^^^ help: convert the identifier to upper camel case (notice the capitalization): `Skip`
[INFO] [stdout] 
[INFO] [stdout] 
[INFO] [stdout] warning: variant `draw_two` should have an upper camel case name
[INFO] [stdout]   --> src/lib.rs:28:5
[INFO] [stdout]    |
[INFO] [stdout] 28 |     draw_two,
[INFO] [stdout]    |     ^^^^^^^^ help: convert the identifier to upper camel case: `DrawTwo`
[INFO] [stdout] 
[INFO] [stdout] 
[INFO] [stdout] warning: variant `reverse` should have an upper camel case name
[INFO] [stdout]   --> src/lib.rs:29:5
[INFO] [stdout]    |
[INFO] [stdout] 29 |     reverse
[INFO] [stdout]    |     ^^^^^^^ help: convert the identifier to upper camel case: `Reverse`
[INFO] [stdout] 
[INFO] [stdout] 
[INFO] [stderr] error: could not compile `uno`.
[INFO] [stderr] 
[INFO] [stderr] To learn more, run the command again with --verbose.
[INFO] [stderr] warning: build failed, waiting for other jobs to finish...
[INFO] [stdout] error: aborting due to 4 previous errors; 7 warnings emitted
[INFO] [stdout] 
[INFO] [stdout] 
[INFO] [stdout] Some errors have detailed explanations: E0423, E0425.
[INFO] [stdout] 
[INFO] [stdout] For more information about an error, try `rustc --explain E0423`.
[INFO] [stdout] 
[INFO] [stderr] error: build failed
[INFO] running `Command { std: "docker" "inspect" "059352d3940d634b8896a0a0dc4ab94e26f092c57e25fbf8168cd672e423d613", kill_on_drop: false }`
[INFO] running `Command { std: "docker" "rm" "-f" "059352d3940d634b8896a0a0dc4ab94e26f092c57e25fbf8168cd672e423d613", kill_on_drop: false }`
[INFO] [stdout] 059352d3940d634b8896a0a0dc4ab94e26f092c57e25fbf8168cd672e423d613
